3
Let j(l) = l**2 + 14*l - 2. What is the remainder when 37 is divided by j(-15)?
11
Let m = 18 - 7. What is the remainder when m is divided by 2?
1
Let t(k) = -k**3 - 10*k**2 + 10*k - 6. Let j(d) = 1 + 3 - 7*d - 3. Calculate the remainder when j(-1) is divided by t(-11).
3
Calculate the remainder when (-270)/(-40)*8/3 is divided by 11.
7
Suppose 5*q + 4 - 149 = 0. Calculate the remainder when 55 is divided by q.
26
Let k(m) = -9*m. Let r(s) = -s**3 + s**2 + 13*s + 3. What is the remainder when r(3) is divided by k(-1)?
6
Let j be (10/(-3))/(8/12). Let m = 9 + j. What is the remainder when 7 is divided by m?
3
Suppose -2*m = -5*j + 163, -4*j - 2*m + 77 + 39 = 0. Suppose -3*p - 25 = -4*f, p - j = -5*f + 24. What is the remainder when 17 is divided by f?
7
Suppose 0 = -15*s + 707 + 283. What is the remainder when s is divided by 14?
10
Suppose -3*y = j - 12, 0 = -3*j + j. Suppose -3*b = c - 31, 5*c + 45 = b + y*b. What is the remainder when 37 is divided by b?
7
Suppose -4*x + 13 = -11. Let r(l) = -l**3 + 6*l**2 + 1. What is the remainder when r(x) is divided by 1?
0
Let m = 183 - 118. What is the remainder when m is divided by 11?
10
Let l be 7 + (-3 - 0/1). Let i = 9 - l. Calculate the remainder when 9 is divided by i.
4
Let k(s) be the second derivative of -s**4/12 + 2*s**3/3 + 5*s**2/2 + s. Calculate the remainder when 13 is divided by k(4).
3
Let h be -2*(0 + 21/6). Let x = 6 + h. What is the remainder when 6 - (4 + x) - -16 is divided by 10?
9
Suppose 0 = m + 2*m - 24. Suppose -1 = 3*f + 2*q - 57, 0 = -2*f + 4*q + 64. Calculate the remainder when f is divided by m.
6
Let h = -105 - -74. Let r = h - -47. Calculate the remainder when r is divided by 9.
7
Calculate the remainder when 53 is divided by (9/(-2))/((-11)/22).
8
Let y(t) = -3*t - 4 - t - 2. Suppose -5*z + 2*m = -0*z - 98, -4*z + 60 = 3*m. What is the remainder when z is divided by y(-4)?
8
Suppose -30 - 14 = -4*w. Let n = -223 + 227. What is the remainder when w is divided by n?
3
Suppose 0 = 2*g - 7*g + 20. What is the remainder when 13 is divided by g?
1
Suppose 9*m + 56 = 191. Calculate the remainder when 57 is divided by m.
12
Let h(z) = 10*z**3 - z**2 + z - 1. Let t be h(1). Suppose -m - m + 74 = 5*f, 0 = -3*m - t. What is the remainder when 30 is divided by f?
14
Suppose 5*a + 11 = -p + 41, a - 3*p = -10. Suppose -4 = 3*d + a*r, 0 = 2*r + 8 + 2. What is the remainder when 19 is divided by d?
5
Let o = 21 - 12. Let y = 198 - 126. Suppose 5*p - 93 = -6*v + 2*v, 0 = 4*p + 2*v - y. Calculate the remainder when p is divided by o.
8
Let j = 1 + 5. Suppose j*q - q + 2*l - 223 = 0, -2*q + 4*l = -70. Calculate the remainder when q is divided by 11.
10
Suppose -4*y + 66 = 10. Calculate the remainder when 95 is divided by y.
11
Let q(o) = 3*o - 7. Suppose 0 = -7*v + 2*v + 15, 2*v = c - 60. What is the remainder when c is divided by q(8)?
15
Let q(j) = 4*j - 5 + 0*j + 0*j + j**2. Let g = -32 + 37. Calculate the remainder when q(-6) is divided by g.
2
Suppose 4*m + 3*k = 8*m - 86, 0 = 2*m - 3*k - 40. What is the remainder when 68 is divided by m?
22
Let v(u) = u**2 - 10*u - 1. Let q be v(11). Suppose 5*d - 255 = -5*x, 8*d - q = 3*d. What is the remainder when x is divided by 13?
10
Let u = -10 + 1. Calculate the remainder when -2*u/(-6) - -66 is divided by 22.
19
Let x(a) be the third derivative of -a**5/60 - a**4/4 + a**3/2 - 4*a**2. Let j be x(-5). What is the remainder when 94/j - 2/(-8) is divided by 5?
2
Let y(r) = -r**2 + 14*r + 2. Suppose -5*x = b - 26, 20 = 7*x - 2*x. What is the remainder when y(11) is divided by 11/1 - (b + -7)?
11
Let n = 28 + -21. What is the remainder when 18 is divided by n?
4
Suppose -4*m + 2 = -5*r, -4*m - 7 = 4*r - 9*m. Suppose -3*j - 5*q - 2 = 1, -5*q - 7 = r*j. Calculate the remainder when (5 - -65)/(-10) + 20 is divided by j.
1
Let s(r) = 46*r. Let g be s(-1). Let m = g + 80. Suppose -2*p = p - 5*v - 46, -3*v = p - 6. Calculate the remainder when m is divided by p.
10
Suppose 9*v + 670 = 14*v. What is the remainder when v is divided by 17?
15
Let i(k) = k**3 - 2*k + 1. Let t be i(2). Suppose -6*u + 3*u - 4*n + 22 = 0, t*n = -u. Let b(m) = 4*m**2. Calculate the remainder when u is divided by b(-1).
2
Let j = -6 + 8. Suppose -m = 2*x - 0 + 5, 0 = 3*m - x - 13. What is the remainder when m is divided by j?
1
Let s(t) = -t**3 - t**2 + 3. Let z be s(0). Suppose 11 = 2*a - z. Suppose 16 = -4*w + 8*w. Calculate the remainder when a is divided by w.
3
Let h = 8 - 4. Calculate the remainder when 71 is divided by 27/(1 - h/(-8)).
17
Let t = 93 - 78. Calculate the remainder when 28 is divided by t.
13
Let l be -3*(0 - (-74)/(-3)). Let s = l - 48. What is the remainder when s is divided by 15 + -2 + 0 + 1?
12
Let q(o) be the third derivative of o**6/120 + o**5/20 + 5*o**3/6 + o**2. Calculate the remainder when 9 is divided by q(-3).
4
Let m = 7 + -1. Let x = m - 2. Calculate the remainder when 15 is divided by x.
3
Let l = 205 - 201. Calculate the remainder when 130 is divided by l.
2
Let v(n) = -3*n - 10. Calculate the remainder when 49 is divided by v(-8).
7
Suppose 17 = 5*s + f - 46, -5*f - 33 = -4*s. Let m = 58 - 37. Calculate the remainder when m is divided by s.
9
Let u = 5 + -5. Suppose -2*b + 4*b - 6 = u. Calculate the remainder when b is divided by 3.
0
Let b(g) = -19*g + 14. Let o(j) = -4*j + 3. Let c(w) = 2*b(w) - 11*o(w). What is the remainder when c(8) is divided by 15?
13
Let z = 38 - 11. Calculate the remainder when z is divided by 7.
6
Let z = 27 + -2. Calculate the remainder when z is divided by 13.
12
Let s(m) = m - 1. Let v be s(1). Suppose 3*o + 178 = 2*k, -4*k + 3*k - 4*o + 78 = v. What is the remainder when k is divided by 29?
28
Let n be (-2)/8 + 25/20. Suppose g - 2*h + 4 = n, -19 = -3*g - h. Suppose g*u - 31 - 289 = 0. What is the remainder when u is divided by 22?
20
Let m be 78*((-11)/3 - -4). Suppose -4*w - m = x - 94, -62 = -3*w + 2*x. Let g = -86 - -139. What is the remainder when g is divided by w?
17
Suppose 0*n + 28 = j + 5*n, -48 = -4*j - 4*n. Calculate the remainder when (-2)/10 + (-348)/(-15) is divided by j.
7
Suppose b + 2*b = 15. Suppose -8*d - 9 = -b*d. What is the remainder when 9 + 3*(-1)/d is divided by 4?
2
Let d = -18 + 19. Suppose -3*g + y = -157, 3 = -2*y + d. What is the remainder when g is divided by 18?
16
Suppose 2*s + 4 = -0. Let p = s - -21. Calculate the remainder when p is divided by (-15)/(-6)*(-56)/(-20).
5
Let n(j) = -j - 4. Let w be n(-8). Suppose 0 = -i - 1 + w. Suppose i*m = 36 + 24. What is the remainder when m is divided by 11?
9
Suppose 11 + 1 = 3*x. Suppose 95 = 3*m + 5*d, 0*d = -x*m - 3*d + 123. Suppose n - h + 0 - 13 = 0, m = 2*n - 4*h. Calculate the remainder when n is divided by 6.
5
Let x(h) be the second derivative of h**5/20 + h**4 + 4*h**3/3 - 15*h**2/2 + 4*h. What is the remainder when x(-11) is divided by 4?
2
Let l(u) = u - 1. Let h be l(6). Calculate the remainder when 47/3 + (-1)/(-3) is divided by h - 3 - (-7 - -3).
4
Let s(y) = y**2 + 4*y - 1. Let b be s(-4). Let z(k) be the first derivative of -5*k**2/2 + 3. What is the remainder when z(b) is divided by 2?
1
Let n = 52 + -32. What is the remainder when 58 is divided by n?
18
Suppose 3*y + 88 = 7*y - 2*a, 4*a = 4*y - 80. Let k = -57 - -127. Calculate the remainder when k is divided by y.
22
Let o be 2*(-3)/12*-722. Let c = o + -251. Suppose -5*u - 5*h + c = 0, -4*u - 4*h = -3*h - 76. What is the remainder when 52 is divided by u?
16
Let o = -88 - -179. Suppose -5*a + 160 = 4*k, -3*k = -2*a - 52 - o. Let g = -5 + k. What is the remainder when g is divided by 14?
12
Suppose -5*n + n = 0, 4*h + n = 140. Suppose -w - 34 = 2*f, -3*f + 111 - 9 = -3*w. Calculate the remainder when h is divided by w/(-3) + (-8)/(-12).
11
Suppose 4*l + 48 = l. Let v = l - -28. What is the remainder when 22 is divided by v?
10
Suppose 2*c + 4*z - 130 = 0, 3*z + 177 = 6*c - 3*c. Calculate the remainder when c is divided by 16.
13
Let c = 291 + -177. Calculate the remainder when c is divided by 39.
36
Let l = -54 + 65. Suppose -5*q + 15 = 2*x + 5, x - 4*q = 5. Suppose x*z = -d, -8 = 2*z - 0*z. Calculate the remainder when d is divided by l.
9
Let b = 8 - 34. Calculate the remainder when b/3*30/(-10) is divided by (-1)/(-3) - (-52)/6.
8
Let u = 31 + -19. Calcu